{"id":997,"date":"2012-10-02T20:53:24","date_gmt":"2012-10-02T18:53:24","guid":{"rendered":"http:\/\/tg.edu.rs\/hun\/?page_id=997"},"modified":"2015-11-19T10:54:07","modified_gmt":"2015-11-19T09:54:07","slug":"diakljaink-keszitettek","status":"publish","type":"page","link":"https:\/\/tg.edu.rs\/hun\/diakljaink-keszitettek\/","title":{"rendered":"2003\/2013"},"content":{"rendered":"<ul>\n<ul>\n<li><a href=\"https:\/\/tg.edu.rs\/hun\/category\/diaktoll\/\">Di\u00e1kjaink \u00edr\u00e1sai \u00f6sszegy\u0171jtve <\/a><a href=\"http:\/\/tg.edu.rs\/downloads\/diakok_munkai\/Oroksegunk_Vajdasag.pdf\">\u2013<\/a><a href=\"https:\/\/tg.edu.rs\/hun\/category\/diaktoll\/\"> Di\u00e1ktoll (2013\/2015)<\/a><\/li>\n<\/ul>\n<\/ul>\n<ul>\n<ul>\n<li><a href=\"http:\/\/tg.edu.rs\/downloads\/diakok_munkai\/Generaciok.zip\">Az x, y \u00e9s z gener\u00e1ci\u00f3k k\u00f6z\u00f6tti konfliktusok \u00e9s k\u00fcl\u00f6nbs\u00e9gek <\/a><a href=\"http:\/\/tg.edu.rs\/downloads\/diakok_munkai\/Oroksegunk_Vajdasag.pdf\">\u2013<\/a><a href=\"http:\/\/tg.edu.rs\/downloads\/diakok_munkai\/Generaciok.zip\"> Krisztov\u00e1c K\u00e1la \u00e9s Berec S\u00e1ra <\/a><a href=\"http:\/\/tg.edu.rs\/downloads\/diakok_munkai\/Oroksegunk_Vajdasag.pdf\">\u2013<\/a><a href=\"http:\/\/tg.edu.rs\/downloads\/diakok_munkai\/Generaciok.zip\"> IV\/A,N (2012\/2013)<\/a><\/li>\n<\/ul>\n<\/ul>\n<ul>\n<ul>\n<li><a href=\"http:\/\/tg.edu.rs\/downloads\/diakok_munkai\/Kincskereses.pdf\">Kincskeres\u00e9s (KMV irodalmi p\u00e1ly\u00e1zata \u2013 Publicisztika 2013) <\/a><a href=\"http:\/\/tg.edu.rs\/downloads\/diakok_munkai\/Oroksegunk_Vajdasag.pdf\">\u2013<\/a><a href=\"http:\/\/tg.edu.rs\/downloads\/diakok_munkai\/Kincskereses.pdf\"> Berec S\u00e1ra <\/a><a href=\"http:\/\/tg.edu.rs\/downloads\/diakok_munkai\/Oroksegunk_Vajdasag.pdf\">\u2013<\/a><a href=\"http:\/\/tg.edu.rs\/downloads\/diakok_munkai\/Kincskereses.pdf\"> IV\/A (2012\/2013)<\/a><\/li>\n<\/ul>\n<\/ul>\n<ul>\n<ul>\n<li><a href=\"http:\/\/tg.edu.rs\/downloads\/cikkek\/rakoczi2012.jpg\">Besz\u00e1mol\u00f3 a X. k\u00f6z\u00e9piskol\u00e1s vezet\u0151k\u00e9pz\u0151r\u0151l <\/a><a href=\"http:\/\/tg.edu.rs\/downloads\/diakok_munkai\/Oroksegunk_Vajdasag.pdf\">\u2013<\/a><a href=\"http:\/\/tg.edu.rs\/downloads\/cikkek\/rakoczi2012.jpg\"> Novotni Nat\u00e1lia \u00e9s Szab\u00f3 Be\u00e1ta &#8211; III\/A (2012\/2013)<\/a><\/li>\n<\/ul>\n<\/ul>\n<ul>\n<ul>\n<li><a href=\"http:\/\/tg.edu.rs\/downloads\/diakok_munkai\/A_legszabadkaibb_festo.pdf\">A legszabadkaibb fest\u0151 <\/a><a href=\"http:\/\/tg.edu.rs\/downloads\/diakok_munkai\/Oroksegunk_Vajdasag.pdf\">\u2013<\/a><a href=\"http:\/\/tg.edu.rs\/downloads\/diakok_munkai\/A_legszabadkaibb_festo.pdf\"> Szalvai Ramona <\/a><a href=\"http:\/\/tg.edu.rs\/downloads\/diakok_munkai\/Oroksegunk_Vajdasag.pdf\">\u2013<\/a><a href=\"http:\/\/tg.edu.rs\/downloads\/diakok_munkai\/A_legszabadkaibb_festo.pdf\"> III\/A (2011\/2012)<\/a><\/li>\n<\/ul>\n<\/ul>\n<ul>\n<ul>\n<li><a href=\"http:\/\/tg.edu.rs\/downloads\/diakok_munkai\/Oroksegunk_Vajdasag.pdf\">\u00d6r\u00f6ks\u00e9g\u00fcnk, Vajdas\u00e1g <\/a><a href=\"http:\/\/tg.edu.rs\/downloads\/diakok_munkai\/Oroksegunk_Vajdasag.pdf\">\u2013<\/a><a href=\"http:\/\/tg.edu.rs\/downloads\/diakok_munkai\/Oroksegunk_Vajdasag.pdf\"> Szab\u00f3 Annam\u00e1ria \u2013 Pov\u00e1zs\u00e1nszki Csilla &#8211; IV\/A (2011\/2012)<\/a><\/li>\n<\/ul>\n<\/ul>\n<ul>\n<ul>\n<li><a href=\"http:\/\/tg.edu.rs\/downloads\/diakok_munkai\/Penzert_cukorba_martva.pdf\">P\u00e9nz\u00e9rt cukorba m\u00e1rtva\u00a0<\/a><a href=\"http:\/\/tg.edu.rs\/downloads\/diakok_munkai\/Oroksegunk_Vajdasag.pdf\">\u2013<\/a><a href=\"http:\/\/tg.edu.rs\/downloads\/diakok_munkai\/Penzert_cukorba_martva.pdf\"> Laci Ren\u00e1ta <\/a><a href=\"http:\/\/tg.edu.rs\/downloads\/diakok_munkai\/Oroksegunk_Vajdasag.pdf\">\u2013<\/a><a href=\"http:\/\/tg.edu.rs\/downloads\/diakok_munkai\/Penzert_cukorba_martva.pdf\"> IV\/A (2010\/2011)<\/a><\/li>\n<\/ul>\n<\/ul>\n<ul>\n<ul>\n<li><a href=\"http:\/\/tg.edu.rs\/downloads\/diakok_munkai\/A_noi_test_torzitasai.pdf\">A n\u0151i test torz\u00edt\u00e1sai a t\u00f6rt\u00e9nelem sor\u00e1n <\/a><a href=\"http:\/\/tg.edu.rs\/downloads\/diakok_munkai\/Oroksegunk_Vajdasag.pdf\">\u2013 <\/a><a href=\"http:\/\/tg.edu.rs\/downloads\/diakok_munkai\/A_noi_test_torzitasai.pdf\">Pint\u00e9r Elvira <\/a><a href=\"http:\/\/tg.edu.rs\/downloads\/diakok_munkai\/Oroksegunk_Vajdasag.pdf\">\u2013<\/a><a href=\"http:\/\/tg.edu.rs\/downloads\/diakok_munkai\/A_noi_test_torzitasai.pdf\"> IV\/A (2010\/2011)<\/a><\/li>\n<\/ul>\n<\/ul>\n<ul>\n<ul>\n<li><a href=\"http:\/\/tg.edu.rs\/downloads\/diakok_munkai\/KMV-2011.jpg\">Plak\u00e1tp\u00e1ly\u00e1zat KMV 2011 &#8211; Varga B\u00e1lint <\/a><a href=\"http:\/\/tg.edu.rs\/downloads\/diakok_munkai\/Oroksegunk_Vajdasag.pdf\">\u2013<\/a><a href=\"http:\/\/tg.edu.rs\/downloads\/diakok_munkai\/KMV-2011.jpg\"> II\/S (2010\/2011)<\/a><\/li>\n<\/ul>\n<\/ul>\n<ul>\n<ul>\n<li><a href=\"http:\/\/tg.edu.rs\/downloads\/cikkek\/kovacs_akos_5+.jpg\">K\u00e9pekben \u00edrni (interj\u00fa Kov\u00e1cs \u00c1kossal) <\/a><a href=\"http:\/\/tg.edu.rs\/downloads\/diakok_munkai\/Oroksegunk_Vajdasag.pdf\">\u2013<\/a><a href=\"http:\/\/tg.edu.rs\/downloads\/cikkek\/kovacs_akos_5+.jpg\"> Sz\u0151ke T\u00edmea II\/A (2009\/2010)<\/a><\/li>\n<\/ul>\n<\/ul>\n<ul>\n<ul>\n<li><a href=\"http:\/\/tg.edu.rs\/downloads\/diakok_munkai\/Bizanc.pdf\">Biz\u00e1nc hanyatl\u00e1sa \u00e9s buk\u00e1sa &#8211; T\u00f3th Szil\u00e1rd <\/a><a href=\"http:\/\/tg.edu.rs\/downloads\/diakok_munkai\/Oroksegunk_Vajdasag.pdf\">\u2013<\/a><a href=\"http:\/\/tg.edu.rs\/downloads\/diakok_munkai\/Bizanc.pdf\"> IV\/A (2009\/2010)<\/a><\/li>\n<\/ul>\n<\/ul>\n<ul>\n<ul>\n<li><a href=\"http:\/\/tg.edu.rs\/downloads\/diakok_munkai\/Nagyapati_Peter.pdf\">Nagyap\u00e1ti P\u00e9ter &#8211; Ejzler Evila \u2013 \u00c1rp\u00e1s T\u00edmea \u2013 Kov\u00e1cs Sarolta <\/a><a href=\"http:\/\/tg.edu.rs\/downloads\/diakok_munkai\/Oroksegunk_Vajdasag.pdf\">\u2013<\/a><a href=\"http:\/\/tg.edu.rs\/downloads\/diakok_munkai\/Nagyapati_Peter.pdf\"> IV\/N (2009\/2010)<\/a><\/li>\n<\/ul>\n<\/ul>\n<ul>\n<ul>\n<li><a href=\"http:\/\/tg.edu.rs\/downloads\/diakok_munkai\/kovacs_akos_kmv_2010_1_hely.jpg\">Plak\u00e1tp\u00e1ly\u00e1zat KMV 2010 &#8211; Kov\u00e1cs \u00c1kos <\/a><a href=\"http:\/\/tg.edu.rs\/downloads\/diakok_munkai\/Oroksegunk_Vajdasag.pdf\">\u2013<\/a><a href=\"http:\/\/tg.edu.rs\/downloads\/diakok_munkai\/kovacs_akos_kmv_2010_1_hely.jpg\"> IV\/A (2009\/2010)<\/a><\/li>\n<\/ul>\n<\/ul>\n<ul>\n<ul>\n<li><a href=\"http:\/\/tg.edu.rs\/downloads\/diakok_munkai\/Ha_ram_biznak.doc\">Ha r\u00e1m b\u00edzn\u00e1k nyelv\u00fcnk meg\u00faj\u00edt\u00e1s\u00e1t&#8230; <\/a><a href=\"http:\/\/tg.edu.rs\/downloads\/diakok_munkai\/Oroksegunk_Vajdasag.pdf\">\u2013<\/a><a href=\"http:\/\/tg.edu.rs\/downloads\/diakok_munkai\/Ha_ram_biznak.doc\"> Magosi L\u00f3r\u00e1nd <\/a><a href=\"http:\/\/tg.edu.rs\/downloads\/diakok_munkai\/Oroksegunk_Vajdasag.pdf\">\u2013<\/a><a href=\"http:\/\/tg.edu.rs\/downloads\/diakok_munkai\/Ha_ram_biznak.doc\"> III\/A (2009\/2010)<\/a><\/li>\n<\/ul>\n<\/ul>\n<ul>\n<ul>\n<li><a href=\"http:\/\/tg.edu.rs\/downloads\/diakok_munkai\/en_muzeumom.jpg\">Az \u00c9n M\u00fazeumom &#8211; fot\u00f3t\u00f6rt\u00e9neti p\u00e1ly\u00e1zat <\/a><a href=\"http:\/\/tg.edu.rs\/downloads\/diakok_munkai\/Oroksegunk_Vajdasag.pdf\">\u2013<\/a><a href=\"http:\/\/tg.edu.rs\/downloads\/diakok_munkai\/en_muzeumom.jpg\"> Milivoljevi\u0107 Sonja <\/a><a href=\"http:\/\/tg.edu.rs\/downloads\/diakok_munkai\/Oroksegunk_Vajdasag.pdf\">\u2013<\/a><a href=\"http:\/\/tg.edu.rs\/downloads\/diakok_munkai\/en_muzeumom.jpg\"> IV (2006\/2007)<\/a><\/li>\n<\/ul>\n<\/ul>\n<ul>\n<ul>\n<li><a href=\"http:\/\/amigoh.com\/\">Bar\u00e1th Attila d\u00edjnyertes honlapja <\/a><a href=\"http:\/\/tg.edu.rs\/downloads\/diakok_munkai\/Oroksegunk_Vajdasag.pdf\">\u2013<\/a><a href=\"http:\/\/amigoh.com\/\"> IV (2006\/2007)<\/a><\/li>\n<\/ul>\n<\/ul>\n<ul>\n<ul>\n<li><a href=\"http:\/\/tg.edu.rs\/downloads\/diakok_munkai\/Juhasz_Erzsebet.doc\">\u00c1l(l)om(\u00e1s)keres\u00e9sben <\/a><a href=\"http:\/\/tg.edu.rs\/downloads\/diakok_munkai\/Oroksegunk_Vajdasag.pdf\">\u2013<\/a><a href=\"http:\/\/tg.edu.rs\/downloads\/diakok_munkai\/Juhasz_Erzsebet.doc\"> M\u00e1rki Anna, Mur\u00e9nyi Sztella \u00e9s Sz\u00fcgyi Edit <\/a><a href=\"http:\/\/tg.edu.rs\/downloads\/diakok_munkai\/Oroksegunk_Vajdasag.pdf\">\u2013<\/a><a href=\"http:\/\/tg.edu.rs\/downloads\/diakok_munkai\/Juhasz_Erzsebet.doc\"> IV (2006\/2007)<\/a><\/li>\n<\/ul>\n<\/ul>\n<ul>\n<ul>\n<li><a href=\"http:\/\/tg.edu.rs\/downloads\/diakok_munkai\/Talalkozasom_a_leveltarral.doc\">Tal\u00e1lkoz\u00e1som a lev\u00e9lt\u00e1rral <\/a><a href=\"http:\/\/tg.edu.rs\/downloads\/diakok_munkai\/Oroksegunk_Vajdasag.pdf\">\u2013<\/a><a href=\"http:\/\/tg.edu.rs\/downloads\/diakok_munkai\/Talalkozasom_a_leveltarral.doc\"> K\u00f3rizs T\u00edmea <\/a><a href=\"http:\/\/tg.edu.rs\/downloads\/diakok_munkai\/Oroksegunk_Vajdasag.pdf\">\u2013<\/a><a href=\"http:\/\/tg.edu.rs\/downloads\/diakok_munkai\/Talalkozasom_a_leveltarral.doc\"> III\/N (2006\/2007)<\/a><\/li>\n<\/ul>\n<\/ul>\n<ul>\n<ul>\n<li><a href=\"http:\/\/tg.edu.rs\/downloads\/diakok_munkai\/Az_utolso_elotti_eloadas.doc\">Az utols\u00f3 el\u0151tti el\u0151ad\u00e1s <\/a><a href=\"http:\/\/tg.edu.rs\/downloads\/diakok_munkai\/Oroksegunk_Vajdasag.pdf\">\u2013<\/a><a href=\"http:\/\/tg.edu.rs\/downloads\/diakok_munkai\/Az_utolso_elotti_eloadas.doc\"> Nagy Bogl\u00e1rka, Cs\u00fasz\u00f3 Vikt\u00f3ria \u00e9s Nagy Tamara <\/a><a href=\"http:\/\/tg.edu.rs\/downloads\/diakok_munkai\/Oroksegunk_Vajdasag.pdf\">\u2013<\/a><a href=\"http:\/\/tg.edu.rs\/downloads\/diakok_munkai\/Az_utolso_elotti_eloadas.doc\"> III\/A (2006\/2007)<\/a><\/li>\n<\/ul>\n<\/ul>\n<ul>\n<ul>\n<li><a href=\"http:\/\/tg.edu.rs\/downloads\/diakok_munkai\/Edesanyam_rozsafaja.doc\">\u00c9desany\u00e1m r\u00f3zsaf\u00e1ja <\/a><a href=\"http:\/\/tg.edu.rs\/downloads\/diakok_munkai\/Oroksegunk_Vajdasag.pdf\">\u2013<\/a><a href=\"http:\/\/tg.edu.rs\/downloads\/diakok_munkai\/Edesanyam_rozsafaja.doc\"> Kat\u00f3 Gy\u00f6ngyi \u00e9s Decsov Emese <\/a><a href=\"http:\/\/tg.edu.rs\/downloads\/diakok_munkai\/Oroksegunk_Vajdasag.pdf\">\u2013<\/a><a href=\"http:\/\/tg.edu.rs\/downloads\/diakok_munkai\/Edesanyam_rozsafaja.doc\"> IV (2006\/2007)<\/a><\/li>\n<\/ul>\n<\/ul>\n<ul>\n<ul>\n<li><a href=\"http:\/\/tg.edu.rs\/downloads\/diakok_munkai\/Almok.zip\">\u00c1lmok &#8211; k\u00e9pz\u0151m\u0171v\u00e9szeti p\u00e1ly\u00e1zat els\u0151 helyez\u00e9s <\/a><a href=\"http:\/\/tg.edu.rs\/downloads\/diakok_munkai\/Oroksegunk_Vajdasag.pdf\">\u2013<\/a><a href=\"http:\/\/tg.edu.rs\/downloads\/diakok_munkai\/Almok.zip\"> Ozsv\u00e1r Endre <\/a><a href=\"http:\/\/tg.edu.rs\/downloads\/diakok_munkai\/Oroksegunk_Vajdasag.pdf\">\u2013<\/a><a href=\"http:\/\/tg.edu.rs\/downloads\/diakok_munkai\/Almok.zip\"> IV (2006\/2007)<\/a><\/li>\n<\/ul>\n<\/ul>\n<ul>\n<ul>\n<li><a href=\"http:\/\/tg.edu.rs\/downloads\/diakok_munkai\/Kosztolanyi_plakat.jpg\">Kosztol\u00e1nyi Dezs\u0151 Napok <\/a><a href=\"http:\/\/tg.edu.rs\/downloads\/diakok_munkai\/Oroksegunk_Vajdasag.pdf\">\u2013<\/a><a href=\"http:\/\/tg.edu.rs\/downloads\/diakok_munkai\/Kosztolanyi_plakat.jpg\"> Sz\u00e1m\u00edt\u00f3g\u00e9pes mont\u00e1zs els\u0151 d\u00edj <\/a><a href=\"http:\/\/tg.edu.rs\/downloads\/diakok_munkai\/Oroksegunk_Vajdasag.pdf\">\u2013<\/a><a href=\"http:\/\/tg.edu.rs\/downloads\/diakok_munkai\/Kosztolanyi_plakat.jpg\"> Sz\u00fcgyi Edit, Kat\u00f3 Gy\u00f6ngyi, Decsov Emese, Mur\u00e9nyi Sztella, Sz\u00e9l Rebeka, G\u00f6cz\u0151 Szabina <\/a><a href=\"http:\/\/tg.edu.rs\/downloads\/diakok_munkai\/Oroksegunk_Vajdasag.pdf\">\u2013<\/a><a href=\"http:\/\/tg.edu.rs\/downloads\/diakok_munkai\/Kosztolanyi_plakat.jpg\"> III\/A (2005\/2006)<\/a><\/li>\n<\/ul>\n<\/ul>\n<ul>\n<ul>\n<li><a href=\"http:\/\/tg.edu.rs\/downloads\/diakok_munkai\/Forditas.zip\">Step Up-Up <\/a><a href=\"http:\/\/tg.edu.rs\/downloads\/diakok_munkai\/Oroksegunk_Vajdasag.pdf\">\u2013<\/a><a href=\"http:\/\/tg.edu.rs\/downloads\/diakok_munkai\/Forditas.zip\"> Csipak Zsuzsanna, Cs\u00fasz\u00f3 Vikt\u00f3ria \u00e9s \u00c9get\u0151 Zs\u00f3fia\u00a0<\/a><a href=\"http:\/\/tg.edu.rs\/downloads\/diakok_munkai\/Oroksegunk_Vajdasag.pdf\">\u2013<\/a><a href=\"http:\/\/tg.edu.rs\/downloads\/diakok_munkai\/Forditas.zip\"> II\/A (2005\/2006)<\/a><\/li>\n<\/ul>\n<\/ul>\n","protected":false},"excerpt":{"rendered":"<p>Di\u00e1kjaink \u00edr\u00e1sai \u00f6sszegy\u0171jtve \u2013 Di\u00e1ktoll (2013\/2015) Az x, y \u00e9s z gener\u00e1ci\u00f3k k\u00f6z\u00f6tti konfliktusok \u00e9s k\u00fcl\u00f6nbs\u00e9gek \u2013 Krisztov\u00e1c K\u00e1la \u00e9s Berec S\u00e1ra \u2013 IV\/A,N (2012\/2013) Kincskeres\u00e9s (KMV irodalmi p\u00e1ly\u00e1zata \u2013 Publicisztika 2013) \u2013 Berec S\u00e1ra \u2013 IV\/A (2012\/2013) Besz\u00e1mol\u00f3 a<span class=\"ellipsis\">&hellip;<\/span><\/p>\n<div class=\"read-more\"><a href=\"https:\/\/tg.edu.rs\/hun\/diakljaink-keszitettek\/\">Tov\u00e1bb \u203a<\/a><\/div>\n<p><!-- end of .read-more --><\/p>\n","protected":false},"author":1,"featured_media":0,"parent":0,"menu_order":0,"comment_status":"open","ping_status":"open","template":"","meta":{"_mi_skip_tracking":false},"aioseo_notices":[],"_links":{"self":[{"href":"https:\/\/tg.edu.rs\/hun\/wp-json\/wp\/v2\/pages\/997"}],"collection":[{"href":"https:\/\/tg.edu.rs\/hun\/wp-json\/wp\/v2\/pages"}],"about":[{"href":"https:\/\/tg.edu.rs\/hun\/wp-json\/wp\/v2\/types\/page"}],"author":[{"embeddable":true,"href":"https:\/\/tg.edu.rs\/hun\/wp-json\/wp\/v2\/users\/1"}],"replies":[{"embeddable":true,"href":"https:\/\/tg.edu.rs\/hun\/wp-json\/wp\/v2\/comments?post=997"}],"version-history":[{"count":24,"href":"https:\/\/tg.edu.rs\/hun\/wp-json\/wp\/v2\/pages\/997\/revisions"}],"predecessor-version":[{"id":12637,"href":"https:\/\/tg.edu.rs\/hun\/wp-json\/wp\/v2\/pages\/997\/revisions\/12637"}],"wp:attachment":[{"href":"https:\/\/tg.edu.rs\/hun\/wp-json\/wp\/v2\/media?parent=997"}],"curies":[{"name":"wp","href":"https:\/\/api.w.org\/{rel}","templated":true}]}}