{"id":59,"date":"2010-06-28T20:39:44","date_gmt":"2010-06-28T20:39:44","guid":{"rendered":"http:\/\/localhost\/wordpresshu\/?page_id=59"},"modified":"2013-02-05T14:26:35","modified_gmt":"2013-02-05T13:26:35","slug":"a-tehetsegrol","status":"publish","type":"page","link":"https:\/\/tg.edu.rs\/hun\/rolunk\/a-tehetsegrol\/","title":{"rendered":"A tehets\u00e9gr\u0151l"},"content":{"rendered":"<p><img loading=\"lazy\" class=\"size-full wp-image-4209 alignleft\" alt=\"Tehetseg\" src=\"https:\/\/tg.edu.rs\/hun\/wp-content\/uploads\/2010\/06\/p_tehetseg1.jpg\" width=\"300\" height=\"225\" srcset=\"https:\/\/tg.edu.rs\/hun\/wp-content\/uploads\/2010\/06\/p_tehetseg1.jpg 300w, https:\/\/tg.edu.rs\/hun\/wp-content\/uploads\/2010\/06\/p_tehetseg1-250x187.jpg 250w\" sizes=\"(max-width: 300px) 100vw, 300px\" \/>Az Eur\u00f3pai Tan\u00e1cs megfogalmazta, hogy a tud\u00e1salap\u00fa t\u00e1rsadalomban \u00e9s gazdas\u00e1gban val\u00f3 tev\u00e9keny r\u00e9szv\u00e9telhez n\u00e9lk\u00fcl\u00f6zhetetlenek az \u00faj alapismeretek \u00e9s k\u00e9szs\u00e9gek, amelyek a munkaer\u0151-piacon \u00e9s munkahelyen, t\u00e9nyleges id\u0151ben, k\u00f6z\u00f6ss\u00e9gekben \u00e9s demokr\u00e1ci\u00e1ban eligazodni tud\u00f3 ember jellemz\u0151i. Ezek az ismeretek \u00e9s k\u00e9szs\u00e9gek, pl. a digit\u00e1lis m\u0171velts\u00e9g val\u00f3ban \u00faj, m\u00edg m\u00e1s j\u00e1rtass\u00e1g, pl. az idegennyelv-ismeret, sokkal t\u00f6bb ember sz\u00e1m\u00e1ra v\u00e1lik fontoss\u00e1, mint a m\u00faltban. Egyre fontosabb\u00e1 v\u00e1lnak a t\u00e1rsadalmi k\u00e9szs\u00e9gek is (mint pl. az \u00f6nbizalom, \u00f6nir\u00e1ny\u00edt\u00e1s \u00e9s kock\u00e1zatv\u00e1llal\u00e1s), mivel az emberekt\u0151l sokkal nagyobb fok\u00fa \u00f6n\u00e1ll\u00f3 fell\u00e9p\u00e9st k\u00f6vetelnek meg, mint a munka. A v\u00e1llalkoz\u00e1si k\u00e9szs\u00e9gek felszabad\u00edtj\u00e1k az egy\u00e9ni munkateljes\u00edtm\u00e9ny jav\u00edt\u00e1s\u00e1hoz \u00e9s egy c\u00e9g sokoldal\u00fa tev\u00e9kenys\u00e9g\u00e9nek megteremt\u00e9s\u00e9hez sz\u00fcks\u00e9ges cselekv\u0151k\u00e9pess\u00e9get. Megtanulni tanulni, a v\u00e1ltoz\u00e1sokhoz val\u00f3 alkalmazkod\u00e1s \u00e9s a hatalmas inform\u00e1ci\u00f3s \u00e1ramlatban val\u00f3 eligazod\u00e1s ma m\u00e1r olyan \u00e1ltal\u00e1nos k\u00e9szs\u00e9gnek sz\u00e1m\u00edt, amellyel mindenkinek rendelkeznie kell. Manaps\u00e1g a pszichol\u00f3gusok az \u00e9rzelmi intelligenci\u00e1t megl\u00e9t\u00e9t szinte fontosabbnak tartj\u00e1k, mint az \u00e9rtelmi intelligenci\u00e1t.<\/p>\n<p><strong>PSZICH\u00c9S ENERGI\u00c1K:<\/strong><\/p>\n<p>\u00c9RDEKL\u0150D\u00c9S &#8211; megsz\u00e1llotts\u00e1g, szokatlan \u00e9rz\u00e9kenys\u00e9g, a szabadid\u0151 struktur\u00e1lt elt\u00f6lt\u00e9se, koncentr\u00e1lt tev\u00e9kenyked\u00e9s<\/p>\n<p>BEFEKTET\u00c9S (ID\u0150 &#8211; \u00c9S ENERGIAR\u00c1FORD\u00cdT\u00c1S) &#8211; kitart\u00e1s, er\u0151fesz\u00edt\u00e9s, a tev\u00e9kenys\u00e9g jutalma maga a tev\u00e9kenys\u00e9g, nem v\u00e1r el m\u00e1s jutalmat<\/p>\n<p>PROBL\u00c9MAKERES\u0150 ATTITUD &#8211; el\u00e9gedetlens\u00e9g sz\u00fcli, alternat\u00edv\u00e1kat keres, \u00f6r\u00f6mforr\u00e1st jelent sz\u00e1m\u00e1ra, frusztr\u00e1ci\u00f3turok<\/p>\n<p>A K\u00d6RNYEZETBEN FELLELHET\u0150 PSZICHIKUS ENERGIA &#8211; fontos a szoci\u00e1lis k\u00f6rnyezet, a gyerek mozg\u00f3s\u00edtani tudja a sz\u00fcl\u0151ket is, hogy t\u00e1mogass\u00e1k \u0151t<\/p>\n<p><strong>A TEHETS\u00c9G MEG\u00cdT\u00c9L\u00c9S\u00c9NEK 5 KRIT\u00c9RIUMA <\/strong><\/p>\n<p>KIV\u00c1L\u00d3S\u00c1G (excellence): a tehets\u00e9gnek valamilyen ter\u00fcleten t\u00e1rsain\u00e1l kiemelked\u0151bbnek kell lennie.<\/p>\n<p><a href=\"https:\/\/tg.edu.rs\/hun\/wp-content\/uploads\/2010\/06\/p_tehetseg2.jpg\"><img loading=\"lazy\" class=\"size-full wp-image-4210 alignright\" alt=\"Tehetseg 2\" src=\"https:\/\/tg.edu.rs\/hun\/wp-content\/uploads\/2010\/06\/p_tehetseg2.jpg\" width=\"300\" height=\"225\" srcset=\"https:\/\/tg.edu.rs\/hun\/wp-content\/uploads\/2010\/06\/p_tehetseg2.jpg 300w, https:\/\/tg.edu.rs\/hun\/wp-content\/uploads\/2010\/06\/p_tehetseg2-250x187.jpg 250w\" sizes=\"(max-width: 300px) 100vw, 300px\" \/><\/a><\/p>\n<p>RITKAS\u00c1G (rarity): tehets\u00e9g, aki t\u00e1rsain\u00e1l olyan ter\u00fcleten kiv\u00e1l\u00f3bb, amelyen csak kevesen tudnak hasonl\u00f3 szintet el\u00e9rni.<\/p>\n<p>TERMEL\u00c9KENYS\u00c9G (productivity): a kiemelked\u0151 k\u00e9pess\u00e9gek megfelel\u0151 teljes\u00edtm\u00e9nyben is meg kell, hogy mutatkozzanak.<\/p>\n<p>KIMUTATHAT\u00d3S\u00c1G (demonstrability): a tehets\u00e9gnek valamilyen m\u00e9r\u00e9s (teszt) \u00e1ltal val\u00f3 \u00e9rt\u00e9kelhet\u0151s\u00e9g\u00e9t k\u00edv\u00e1nja meg.<\/p>\n<p>\u00c9RT\u00c9K (value): a tehets\u00e9gesnek \u00edt\u00e9lt szem\u00e9ly teljes\u00edtm\u00e9nye a t\u00e1rsadalom sz\u00e1m\u00e1ra \u00e9rt\u00e9kes.<\/p>\n<p>(Sternberg: &#8220;Pentagonal implicit theory&#8221;, 1993)<\/p>\n<p>Tov\u00e1bbi dokument\u00e1ci\u00f3k:<\/p>\n<p><a href=\"https:\/\/tg.edu.rs\/hun\/az-erzelmi-es-ertelmi-intelligencia\/\">&#8211; Roncs\u00e1k Petrovics Erika: Az \u00e9rzelmi \u00e9s \u00e9rtelmi intelligencia a tehets\u00e9ggondoz\u00e1s t\u00fckr\u00e9ben<\/a><\/p>\n<p><a href=\"https:\/\/tg.edu.rs\/hun\/a-nyelvtanulas-lehetosegeinek-sokfelesegerol\/\">&#8211; Korhecz Illang\u00f3: A nyelvtanul\u00e1s lehet\u0151s\u00e9geinek sokf\u00e9les\u00e9g\u00e9r\u0151l<\/a><\/p>\n","protected":false},"excerpt":{"rendered":"<p>Az Eur\u00f3pai Tan\u00e1cs megfogalmazta, hogy a tud\u00e1salap\u00fa t\u00e1rsadalomban \u00e9s gazdas\u00e1gban val\u00f3 tev\u00e9keny r\u00e9szv\u00e9telhez n\u00e9lk\u00fcl\u00f6zhetetlenek az \u00faj alapismeretek \u00e9s k\u00e9szs\u00e9gek, amelyek a munkaer\u0151-piacon \u00e9s munkahelyen, t\u00e9nyleges id\u0151ben, k\u00f6z\u00f6ss\u00e9gekben \u00e9s demokr\u00e1ci\u00e1ban eligazodni tud\u00f3 ember jellemz\u0151i. Ezek az ismeretek \u00e9s k\u00e9szs\u00e9gek, pl. a<span class=\"ellipsis\">&hellip;<\/span><\/p>\n<div class=\"read-more\"><a href=\"https:\/\/tg.edu.rs\/hun\/rolunk\/a-tehetsegrol\/\">Tov\u00e1bb \u203a<\/a><\/div>\n<p><!-- end of .read-more --><\/p>\n","protected":false},"author":1,"featured_media":0,"parent":200,"menu_order":2,"comment_status":"closed","ping_status":"closed","template":"","meta":{"_mi_skip_tracking":false},"aioseo_notices":[],"_links":{"self":[{"href":"https:\/\/tg.edu.rs\/hun\/wp-json\/wp\/v2\/pages\/59"}],"collection":[{"href":"https:\/\/tg.edu.rs\/hun\/wp-json\/wp\/v2\/pages"}],"about":[{"href":"https:\/\/tg.edu.rs\/hun\/wp-json\/wp\/v2\/types\/page"}],"author":[{"embeddable":true,"href":"https:\/\/tg.edu.rs\/hun\/wp-json\/wp\/v2\/users\/1"}],"replies":[{"embeddable":true,"href":"https:\/\/tg.edu.rs\/hun\/wp-json\/wp\/v2\/comments?post=59"}],"version-history":[{"count":14,"href":"https:\/\/tg.edu.rs\/hun\/wp-json\/wp\/v2\/pages\/59\/revisions"}],"predecessor-version":[{"id":4215,"href":"https:\/\/tg.edu.rs\/hun\/wp-json\/wp\/v2\/pages\/59\/revisions\/4215"}],"up":[{"embeddable":true,"href":"https:\/\/tg.edu.rs\/hun\/wp-json\/wp\/v2\/pages\/200"}],"wp:attachment":[{"href":"https:\/\/tg.edu.rs\/hun\/wp-json\/wp\/v2\/media?parent=59"}],"curies":[{"name":"wp","href":"https:\/\/api.w.org\/{rel}","templated":true}]}}