{"id":3395,"date":"2012-12-13T11:49:37","date_gmt":"2012-12-13T10:49:37","guid":{"rendered":"http:\/\/tg.edu.rs\/hun\/?page_id=3395"},"modified":"2018-09-12T09:26:08","modified_gmt":"2018-09-12T07:26:08","slug":"kiadvanyok","status":"publish","type":"page","link":"https:\/\/tg.edu.rs\/hun\/diakljaink-keszitettek\/kiadvanyok\/","title":{"rendered":"Kiadv\u00e1nyok"},"content":{"rendered":"<h4 style=\"text-align: center;\">\u00c9vk\u00f6nyv 2003-2018 (2018)<\/h4>\n<p align=\"center\"><a href=\"http:\/\/tg.edu.rs\/downloads\/kiadvanyok\/KDTG15.pdf\" target=\"_blank\" rel=\"noopener\"><img class=\"aligncenter size-full wp-image-13636\" src=\"https:\/\/tg.edu.rs\/hun\/wp-content\/uploads\/2018\/04\/KDTG15.jpg\" alt=\"kdtg15\" height=\"480\" \/><\/a><\/p>\n<hr style=\"filter: alpha(opacity=100,finishopacity=0,style=3); height: 1px;\" \/>\n<h4 style=\"text-align: center;\">B\u00e1cskai Times (2016)<\/h4>\n<p align=\"center\"><a href=\"http:\/\/tg.edu.rs\/downloads\/kiadvanyok\/Bacskai_Times_2016.pdf\" target=\"_blank\" rel=\"noopener\"><img loading=\"lazy\" class=\"aligncenter size-full wp-image-13636\" src=\"https:\/\/tg.edu.rs\/hun\/wp-content\/uploads\/2012\/12\/BT2016.jpg\" alt=\"bt2016\" width=\"333\" height=\"465\" srcset=\"https:\/\/tg.edu.rs\/hun\/wp-content\/uploads\/2012\/12\/BT2016.jpg 333w, https:\/\/tg.edu.rs\/hun\/wp-content\/uploads\/2012\/12\/BT2016-250x349.jpg 250w, https:\/\/tg.edu.rs\/hun\/wp-content\/uploads\/2012\/12\/BT2016-300x419.jpg 300w, https:\/\/tg.edu.rs\/hun\/wp-content\/uploads\/2012\/12\/BT2016-100x140.jpg 100w, https:\/\/tg.edu.rs\/hun\/wp-content\/uploads\/2012\/12\/BT2016-150x209.jpg 150w, https:\/\/tg.edu.rs\/hun\/wp-content\/uploads\/2012\/12\/BT2016-200x279.jpg 200w\" sizes=\"(max-width: 333px) 100vw, 333px\" \/><\/a><\/p>\n<hr style=\"filter: alpha(opacity=100,finishopacity=0,style=3); height: 1px;\" \/>\n<h4 style=\"text-align: center;\">\u00d6sszekusz\u00e1lt labirintus &#8211; gondolatok az \u00e9rt\u00e9kekr\u0151l (2012)<\/h4>\n<p align=\"center\"><a href=\"http:\/\/tg.edu.rs\/downloads\/kiadvanyok\/Osszekuszalt labirintus 2012.pdf\" target=\"_blank\" rel=\"noopener\"><img loading=\"lazy\" class=\"aligncenter size-medium wp-image-3396\" src=\"https:\/\/tg.edu.rs\/hun\/wp-content\/uploads\/2012\/12\/Osszekuszalt-labirintus-2012-333x480.jpg\" alt=\"Osszekusz\u00e1lt labirintus 2012\" width=\"333\" height=\"480\" srcset=\"https:\/\/tg.edu.rs\/hun\/wp-content\/uploads\/2012\/12\/Osszekuszalt-labirintus-2012-333x480.jpg 333w, https:\/\/tg.edu.rs\/hun\/wp-content\/uploads\/2012\/12\/Osszekuszalt-labirintus-2012-250x359.jpg 250w, https:\/\/tg.edu.rs\/hun\/wp-content\/uploads\/2012\/12\/Osszekuszalt-labirintus-2012.jpg 601w\" sizes=\"(max-width: 333px) 100vw, 333px\" \/><\/a><\/p>\n<hr style=\"filter: alpha(opacity=100,finishopacity=0,style=3); height: 1px;\" \/>\n<h4 style=\"text-align: center;\">Kosztol\u00e1nyi\u00e9kr\u00f3l Kosztol\u00e1nyisok (2010)<\/h4>\n<p align=\"center\"><a href=\"http:\/\/tg.edu.rs\/downloads\/kiadvanyok\/Kosztolanyiekrol.pdf\" target=\"_blank\" rel=\"noopener\"><img loading=\"lazy\" class=\"aligncenter size-full wp-image-4089\" src=\"https:\/\/tg.edu.rs\/hun\/wp-content\/uploads\/2012\/12\/kosztolanyiekrol.jpg\" alt=\"kosztolanyiekrol\" width=\"333\" height=\"480\" \/><\/a><\/p>\n<hr style=\"filter: alpha(opacity=100,finishopacity=0,style=3); height: 1px;\" \/>\n<h4 style=\"text-align: center;\">Nyugat 1908-2008 (2008)<\/h4>\n<p align=\"center\"><a href=\"http:\/\/tg.edu.rs\/downloads\/kiadvanyok\/Nyugat.pdf\" target=\"_blank\" rel=\"noopener\"><img loading=\"lazy\" class=\"aligncenter size-full wp-image-3414\" src=\"https:\/\/tg.edu.rs\/hun\/wp-content\/uploads\/2012\/12\/Nyugat-2008.jpg\" alt=\"Nyugat 2008\" width=\"333\" height=\"480\" \/><\/a><\/p>\n<hr style=\"filter: alpha(opacity=100,finishopacity=0,style=3); height: 1px;\" \/>\n","protected":false},"excerpt":{"rendered":"<p>\u00c9vk\u00f6nyv 2003-2018 (2018) B\u00e1cskai Times (2016) \u00d6sszekusz\u00e1lt labirintus &#8211; gondolatok az \u00e9rt\u00e9kekr\u0151l (2012) Kosztol\u00e1nyi\u00e9kr\u00f3l Kosztol\u00e1nyisok (2010) Nyugat 1908-2008 (2008)<\/p>\n","protected":false},"author":1,"featured_media":0,"parent":997,"menu_order":0,"comment_status":"open","ping_status":"open","template":"","meta":{"_mi_skip_tracking":false},"aioseo_notices":[],"_links":{"self":[{"href":"https:\/\/tg.edu.rs\/hun\/wp-json\/wp\/v2\/pages\/3395"}],"collection":[{"href":"https:\/\/tg.edu.rs\/hun\/wp-json\/wp\/v2\/pages"}],"about":[{"href":"https:\/\/tg.edu.rs\/hun\/wp-json\/wp\/v2\/types\/page"}],"author":[{"embeddable":true,"href":"https:\/\/tg.edu.rs\/hun\/wp-json\/wp\/v2\/users\/1"}],"replies":[{"embeddable":true,"href":"https:\/\/tg.edu.rs\/hun\/wp-json\/wp\/v2\/comments?post=3395"}],"version-history":[{"count":32,"href":"https:\/\/tg.edu.rs\/hun\/wp-json\/wp\/v2\/pages\/3395\/revisions"}],"predecessor-version":[{"id":15844,"href":"https:\/\/tg.edu.rs\/hun\/wp-json\/wp\/v2\/pages\/3395\/revisions\/15844"}],"up":[{"embeddable":true,"href":"https:\/\/tg.edu.rs\/hun\/wp-json\/wp\/v2\/pages\/997"}],"wp:attachment":[{"href":"https:\/\/tg.edu.rs\/hun\/wp-json\/wp\/v2\/media?parent=3395"}],"curies":[{"name":"wp","href":"https:\/\/api.w.org\/{rel}","templated":true}]}}