{"id":17416,"date":"2021-11-29T21:01:13","date_gmt":"2021-11-29T20:01:13","guid":{"rendered":"http:\/\/tg.edu.rs\/hun\/?page_id=17416"},"modified":"2021-11-29T21:02:24","modified_gmt":"2021-11-29T20:02:24","slug":"szinhaz-es-audiovizualis-muveszet-szak","status":"publish","type":"page","link":"https:\/\/tg.edu.rs\/hun\/tagozatok\/szinhaz-es-audiovizualis-muveszet-szak\/","title":{"rendered":"Sz\u00ednh\u00e1z- \u00e9s audiovizu\u00e1lis m\u0171v\u00e9szet szak"},"content":{"rendered":"<p>A sz\u00ednh\u00e1z- \u00e9s audiovizu\u00e1lis m\u0171v\u00e9szet szak a k\u00fcl\u00f6nf\u00e9le m\u0171v\u00e9szeti \u00e9s kommunik\u00e1ci\u00f3 szakos egyetemi k\u00e9pz\u00e9s mellett m\u00e1s egyetemi k\u00e9pz\u00e9sre is felk\u00e9sz\u00edti a di\u00e1kokat. (4 \u00e9vig tanulnak magyar nyelv \u00e9s irodalom, matematika, angol \u00e9s n\u00e9met nyelv, informatika tant\u00e1rgyakat, 3 \u00e9vig: biol\u00f3gia, t\u00f6rt\u00e9nelem, fizika tant\u00e1rgyakat.)<\/p>\n<p>A 20 f\u0151s oszt\u00e1lyokban a m\u0171v\u00e9szeti, gyakorlati \u00f3r\u00e1kon bontott, 10 f\u0151s csoportokban dolgoznak. Csoportbont\u00e1sban dolgoznak az informatika, az idegennyelv-\u00f3r\u00e1kon is.<\/p>\n<p>A di\u00e1kok megismerkednek a sz\u00ednh\u00e1z, a sajt\u00f3, a film, a videoj\u00e1t\u00e9kok, az internetes port\u00e1lok m\u0171k\u00f6d\u00e9s\u00e9vel. Haszn\u00e1lni tudj\u00e1k a modern digit\u00e1lis technik\u00e1kat, hogy prezent\u00e1lni tudja \u00f6tleteiket, kutat\u00e1si eredm\u00e9nyeiket (ez minden szakter\u00fcleten fontos).<\/p>\n<p>Az oktat\u00e1sban kiemelt szerephez jut a nemzeti kult\u00fara, de interkultur\u00e1lis kapcsolatok is: m\u00e1s n\u00e9pek kult\u00far\u00e1ja, hagyom\u00e1nyai, m\u0171v\u00e9szete is.<\/p>\n<p>A di\u00e1kok bekapcsol\u00f3dnak a k\u00fcl\u00f6nf\u00e9le m\u0171v\u00e9szeti \u00e9s kultur\u00e1lis int\u00e9zm\u00e9nyek (a mi eset\u00fcnkben a Szabadkai N\u00e9psz\u00ednh\u00e1z, a Kosztol\u00e1nyi Sz\u00ednh\u00e1z, a szabadkai mozik, m\u00fazeumok) illetve a m\u00e9diaint\u00e9zm\u00e9nyek: Pannon RTV, Szabadkai R\u00e1di\u00f3, \u00edrott sajt\u00f3: Magyar Sz\u00f3, 7Nap munk\u00e1j\u00e1ba.<\/p>\n<p><b>SZAKTANT\u00c1RGYAK: <\/b><\/p>\n<p>A SZ\u00cdNH\u00c1ZM\u0170V\u00c9SZET tant\u00e1rgy keretein bel\u00fcl foglalkoznak a sz\u00ednpadi megjelen\u00edt\u00e9ssel, a k\u00fcl\u00f6nb\u00f6z\u0151 sz\u00ednh\u00e1z-fajt\u00e1kkal (pl. b\u00e1b-, t\u00e1ncsz\u00ednh\u00e1z stb.) , a rendez\u0151, a sz\u00edn\u00e9sz, a dramaturg, a jelmez- \u00e9s d\u00edszlettervez\u0151, a f\u00e9ny- \u00e9s hangtechnikus, munk\u00e1j\u00e1val, a sz\u00ednikritik\u00e1val, a dr\u00e1ma t\u00f6rt\u00e9net\u00e9vel \u00e9s elm\u00e9let\u00e9vel.<\/p>\n<p>Az AUDIOVIZU\u00c1LIS M\u0170V\u00c9SZETEK tant\u00e1rgy keretein bel\u00fcl elm\u00e9leti \u00e9s sok gyakorlati \u00f3r\u00e1n a filmek \u00e9s t\u00e9v\u00e9m\u0171sorok form\u00e1j\u00e1r\u00f3l, fogalmair\u00f3l tanulnak: videoklipek, videoj\u00e1t\u00e9kok, a f\u00e9nyk\u00e9p, a filmnyelv kifejez\u0151eszk\u00f6zeir\u0151l (v\u00e1g\u00e1s, k\u00e9pkompon\u00e1l\u00e1s, be\u00e1ll\u00edt\u00e1sok, hang stb. ), forgat\u00f3k\u00f6nyv, storyboard (k\u00e9pes forgat\u00f3k\u00f6nyv) stb. Megtanulj\u00e1k a filmk\u00e9sz\u00edt\u00e9s alapjait, kisfilmeket, t\u00e9v\u00e9m\u0171sorokat k\u00e9sz\u00edtenek.<\/p>\n<p>A k\u00e9t tant\u00e1rgy szoros korrel\u00e1ci\u00f3ban van egym\u00e1ssal. Mindkett\u0151t szakmabeliek tan\u00edtj\u00e1k: a sz\u00ednh\u00e1zm\u0171v\u00e9szet t\u00e1rgyat sz\u00edn\u00e9sz, az audiovizu\u00e1list rendez\u0151, illetve a digit\u00e1lis m\u00e9di\u00e1ban j\u00e1rtas sz\u00edn\u00e9sz.<\/p>\n<div id=\"TextSection\" dir=\"ltr\">\n<p>\u00d3RASZ\u00c1MOK \u2013 mindk\u00e9t tant\u00e1rgyb\u00f3l:<\/p>\n<p>I.: 1 elm\u00e9leti \u2013 1 gyakorlati \u00f3ra<br \/>\nII. 2 elm\u00e9leti \u2013 1 gyakorlati \u00f3ra<br \/>\nIII.: 1 elm\u00e9leti \u2013 3 gyakorlati \u00f3ra<br \/>\nIV. : 1 elm\u00e9leti \u2013 5 gyakorlati \u00f3ra<\/p>\n<p>vagyis \u00d6SSZESEN:<\/p>\n<p>I.-ben heti 4,<br \/>\nII.-ban heti 6,<br \/>\nIII.-ban heti 8,<br \/>\nIV.-ben pedig heti 12 \u00f3ra a szaktant\u00e1rgyakb\u00f3l!<\/p>\n<\/div>\n<p><b>FELV\u00c9TELI VIZSGA: <\/b><\/p>\n<p>A fel\u00e9vteli k\u00e9rd\u00e9sek a magyar nyelv \u00e9s irodalom, k\u00e9pz\u0151m\u0171v\u00e9szet, zenem\u0171v\u00e9szet \u00e9s t\u00f6rt\u00e9nelem tant\u00e1rgyak k\u00f6z\u00e9p- \u00e9s emelt szinten elv\u00e1rt tud\u00e1sanyag\u00e1b\u00f3l \u00e1ll \u00f6ssze. A felk\u00e9sz\u00fcl\u00e9shez a tank\u00f6nyveket haszn\u00e1lhatj\u00e1k a di\u00e1kok.<\/p>\n<p>A felv\u00e9teli id\u0151pontja: m\u00e1jus 13-22. k\u00f6z\u00f6tt.<\/p>\n<p><span style=\"color: #000000;\"><a style=\"color: #000000;\" href=\"https:\/\/tg.edu.rs\/hun\/wp-content\/uploads\/2021\/11\/Sz\u00ednh\u00e1z-\u00e9s-audiovizu\u00e1lis-m\u0171v\u00e9szet_tant\u00e1rgyak-\u00f3rasz\u00e1mok.png\"><b>Hivatalos miniszt\u00e9riumi t\u00e1j\u00e9koztat\u00f3 (szerb nyelv\u0171): <\/b><\/a><\/span><a href=\"https:\/\/www.mpn.gov.rs\/gimnazije-specijalizovana-odeljenja-za-scensku-i-audio-vizuelnu-umetnost\/?lng=lat\" target=\"_blank\" rel=\"noopener noreferrer\">Let\u00f6lt\u00e9s innen<\/a><a href=\"https:\/\/tg.edu.rs\/hun\/wp-content\/uploads\/2021\/11\/Sz\u00ednh\u00e1z-\u00e9s-audiovizu\u00e1lis-m\u0171v\u00e9szet_tant\u00e1rgyak-\u00f3rasz\u00e1mok.png\"><img loading=\"lazy\" class=\"aligncenter size-full wp-image-17412\" src=\"https:\/\/tg.edu.rs\/hun\/wp-content\/uploads\/2021\/11\/Sz\u00ednh\u00e1z-\u00e9s-audiovizu\u00e1lis-m\u0171v\u00e9szet_tant\u00e1rgyak-\u00f3rasz\u00e1mok.png\" alt=\"\" width=\"1115\" height=\"680\" srcset=\"https:\/\/tg.edu.rs\/hun\/wp-content\/uploads\/2021\/11\/Sz\u00ednh\u00e1z-\u00e9s-audiovizu\u00e1lis-m\u0171v\u00e9szet_tant\u00e1rgyak-\u00f3rasz\u00e1mok.png 1115w, https:\/\/tg.edu.rs\/hun\/wp-content\/uploads\/2021\/11\/Sz\u00ednh\u00e1z-\u00e9s-audiovizu\u00e1lis-m\u0171v\u00e9szet_tant\u00e1rgyak-\u00f3rasz\u00e1mok-480x293.png 480w, https:\/\/tg.edu.rs\/hun\/wp-content\/uploads\/2021\/11\/Sz\u00ednh\u00e1z-\u00e9s-audiovizu\u00e1lis-m\u0171v\u00e9szet_tant\u00e1rgyak-\u00f3rasz\u00e1mok-1024x625.png 1024w, https:\/\/tg.edu.rs\/hun\/wp-content\/uploads\/2021\/11\/Sz\u00ednh\u00e1z-\u00e9s-audiovizu\u00e1lis-m\u0171v\u00e9szet_tant\u00e1rgyak-\u00f3rasz\u00e1mok-250x152.png 250w, https:\/\/tg.edu.rs\/hun\/wp-content\/uploads\/2021\/11\/Sz\u00ednh\u00e1z-\u00e9s-audiovizu\u00e1lis-m\u0171v\u00e9szet_tant\u00e1rgyak-\u00f3rasz\u00e1mok-640x390.png 640w, https:\/\/tg.edu.rs\/hun\/wp-content\/uploads\/2021\/11\/Sz\u00ednh\u00e1z-\u00e9s-audiovizu\u00e1lis-m\u0171v\u00e9szet_tant\u00e1rgyak-\u00f3rasz\u00e1mok-100x61.png 100w, https:\/\/tg.edu.rs\/hun\/wp-content\/uploads\/2021\/11\/Sz\u00ednh\u00e1z-\u00e9s-audiovizu\u00e1lis-m\u0171v\u00e9szet_tant\u00e1rgyak-\u00f3rasz\u00e1mok-150x91.png 150w, https:\/\/tg.edu.rs\/hun\/wp-content\/uploads\/2021\/11\/Sz\u00ednh\u00e1z-\u00e9s-audiovizu\u00e1lis-m\u0171v\u00e9szet_tant\u00e1rgyak-\u00f3rasz\u00e1mok-200x122.png 200w, https:\/\/tg.edu.rs\/hun\/wp-content\/uploads\/2021\/11\/Sz\u00ednh\u00e1z-\u00e9s-audiovizu\u00e1lis-m\u0171v\u00e9szet_tant\u00e1rgyak-\u00f3rasz\u00e1mok-300x183.png 300w, https:\/\/tg.edu.rs\/hun\/wp-content\/uploads\/2021\/11\/Sz\u00ednh\u00e1z-\u00e9s-audiovizu\u00e1lis-m\u0171v\u00e9szet_tant\u00e1rgyak-\u00f3rasz\u00e1mok-450x274.png 450w, https:\/\/tg.edu.rs\/hun\/wp-content\/uploads\/2021\/11\/Sz\u00ednh\u00e1z-\u00e9s-audiovizu\u00e1lis-m\u0171v\u00e9szet_tant\u00e1rgyak-\u00f3rasz\u00e1mok-600x366.png 600w, https:\/\/tg.edu.rs\/hun\/wp-content\/uploads\/2021\/11\/Sz\u00ednh\u00e1z-\u00e9s-audiovizu\u00e1lis-m\u0171v\u00e9szet_tant\u00e1rgyak-\u00f3rasz\u00e1mok-900x549.png 900w\" sizes=\"(max-width: 1115px) 100vw, 1115px\" \/><\/a><\/p>\n","protected":false},"excerpt":{"rendered":"<p>A sz\u00ednh\u00e1z- \u00e9s audiovizu\u00e1lis m\u0171v\u00e9szet szak a k\u00fcl\u00f6nf\u00e9le m\u0171v\u00e9szeti \u00e9s kommunik\u00e1ci\u00f3 szakos egyetemi k\u00e9pz\u00e9s mellett m\u00e1s egyetemi k\u00e9pz\u00e9sre is felk\u00e9sz\u00edti a di\u00e1kokat. (4 \u00e9vig tanulnak magyar nyelv \u00e9s irodalom, matematika, angol \u00e9s n\u00e9met nyelv, informatika tant\u00e1rgyakat, 3 \u00e9vig: biol\u00f3gia, t\u00f6rt\u00e9nelem,<span class=\"ellipsis\">&hellip;<\/span><\/p>\n<div class=\"read-more\"><a href=\"https:\/\/tg.edu.rs\/hun\/tagozatok\/szinhaz-es-audiovizualis-muveszet-szak\/\">Tov\u00e1bb \u203a<\/a><\/div>\n<p><!-- end of .read-more --><\/p>\n","protected":false},"author":1,"featured_media":0,"parent":253,"menu_order":0,"comment_status":"closed","ping_status":"closed","template":"","meta":{"_mi_skip_tracking":false},"aioseo_notices":[],"_links":{"self":[{"href":"https:\/\/tg.edu.rs\/hun\/wp-json\/wp\/v2\/pages\/17416"}],"collection":[{"href":"https:\/\/tg.edu.rs\/hun\/wp-json\/wp\/v2\/pages"}],"about":[{"href":"https:\/\/tg.edu.rs\/hun\/wp-json\/wp\/v2\/types\/page"}],"author":[{"embeddable":true,"href":"https:\/\/tg.edu.rs\/hun\/wp-json\/wp\/v2\/users\/1"}],"replies":[{"embeddable":true,"href":"https:\/\/tg.edu.rs\/hun\/wp-json\/wp\/v2\/comments?post=17416"}],"version-history":[{"count":2,"href":"https:\/\/tg.edu.rs\/hun\/wp-json\/wp\/v2\/pages\/17416\/revisions"}],"predecessor-version":[{"id":17418,"href":"https:\/\/tg.edu.rs\/hun\/wp-json\/wp\/v2\/pages\/17416\/revisions\/17418"}],"up":[{"embeddable":true,"href":"https:\/\/tg.edu.rs\/hun\/wp-json\/wp\/v2\/pages\/253"}],"wp:attachment":[{"href":"https:\/\/tg.edu.rs\/hun\/wp-json\/wp\/v2\/media?parent=17416"}],"curies":[{"name":"wp","href":"https:\/\/api.w.org\/{rel}","templated":true}]}}