{"id":17038,"date":"2020-06-02T16:42:58","date_gmt":"2020-06-02T14:42:58","guid":{"rendered":"http:\/\/tg.edu.rs\/hun\/?page_id=17038"},"modified":"2021-11-29T21:13:15","modified_gmt":"2021-11-29T20:13:15","slug":"sporttagozat","status":"publish","type":"page","link":"https:\/\/tg.edu.rs\/hun\/sporttagozat\/","title":{"rendered":"Sporttagozat"},"content":{"rendered":"<p>2007 szeptember 1-t\u0151l a Kosztol\u00e1nyi Dezs\u0151 Tehets\u00e9ggondoz\u00f3 Gimn\u00e1zium keretein bel\u00fcl sporttagozat ny\u00edlt magyar nyelven. A bejut\u00e1s felt\u00e9tele a bejegyzett sportklub-tags\u00e1g. A tagozatra jelentkez\u0151 di\u00e1kokat, mik\u00e9nt a nyelvi tagozatokon is, els\u0151sorban a tov\u00e1bbtanul\u00e1sra k\u00e9sz\u00edtj\u00fck fel.<\/p>\n<p><strong>Az al\u00e1bbiakban a sporttagozat tant\u00e1rgyai \u00e9s a kapcsol\u00f3d\u00f3 \u00f3rasz\u00e1mok tanulm\u00e1nyozhat\u00f3ak.<br \/>\n<\/strong><\/p>\n<p><a href=\"https:\/\/tg.edu.rs\/hun\/wp-content\/uploads\/2021\/11\/SPORTTAGOZAT-tant\u00e1rgyak-\u00f3rasz\u00e1mok.png\"><img loading=\"lazy\" class=\"aligncenter size-full wp-image-17411\" src=\"https:\/\/tg.edu.rs\/hun\/wp-content\/uploads\/2021\/11\/SPORTTAGOZAT-tant\u00e1rgyak-\u00f3rasz\u00e1mok.png\" alt=\"\" width=\"1121\" height=\"639\" srcset=\"https:\/\/tg.edu.rs\/hun\/wp-content\/uploads\/2021\/11\/SPORTTAGOZAT-tant\u00e1rgyak-\u00f3rasz\u00e1mok.png 1121w, https:\/\/tg.edu.rs\/hun\/wp-content\/uploads\/2021\/11\/SPORTTAGOZAT-tant\u00e1rgyak-\u00f3rasz\u00e1mok-480x274.png 480w, https:\/\/tg.edu.rs\/hun\/wp-content\/uploads\/2021\/11\/SPORTTAGOZAT-tant\u00e1rgyak-\u00f3rasz\u00e1mok-1024x584.png 1024w, https:\/\/tg.edu.rs\/hun\/wp-content\/uploads\/2021\/11\/SPORTTAGOZAT-tant\u00e1rgyak-\u00f3rasz\u00e1mok-250x143.png 250w, https:\/\/tg.edu.rs\/hun\/wp-content\/uploads\/2021\/11\/SPORTTAGOZAT-tant\u00e1rgyak-\u00f3rasz\u00e1mok-640x365.png 640w, https:\/\/tg.edu.rs\/hun\/wp-content\/uploads\/2021\/11\/SPORTTAGOZAT-tant\u00e1rgyak-\u00f3rasz\u00e1mok-100x57.png 100w, https:\/\/tg.edu.rs\/hun\/wp-content\/uploads\/2021\/11\/SPORTTAGOZAT-tant\u00e1rgyak-\u00f3rasz\u00e1mok-150x86.png 150w, https:\/\/tg.edu.rs\/hun\/wp-content\/uploads\/2021\/11\/SPORTTAGOZAT-tant\u00e1rgyak-\u00f3rasz\u00e1mok-200x114.png 200w, https:\/\/tg.edu.rs\/hun\/wp-content\/uploads\/2021\/11\/SPORTTAGOZAT-tant\u00e1rgyak-\u00f3rasz\u00e1mok-300x171.png 300w, https:\/\/tg.edu.rs\/hun\/wp-content\/uploads\/2021\/11\/SPORTTAGOZAT-tant\u00e1rgyak-\u00f3rasz\u00e1mok-450x257.png 450w, https:\/\/tg.edu.rs\/hun\/wp-content\/uploads\/2021\/11\/SPORTTAGOZAT-tant\u00e1rgyak-\u00f3rasz\u00e1mok-600x342.png 600w, https:\/\/tg.edu.rs\/hun\/wp-content\/uploads\/2021\/11\/SPORTTAGOZAT-tant\u00e1rgyak-\u00f3rasz\u00e1mok-900x513.png 900w\" sizes=\"(max-width: 1121px) 100vw, 1121px\" \/><\/a><\/p>\n<p><a href=\"http:\/\/tg.edu.rs\/downloads\/dokumentumok\/Sporttagozat_tanterve_2020_srb.pdf\">Let\u00f6lt\u00e9s (eredeti szerb nyelv\u0171 dokumentum)<\/a><\/p>\n","protected":false},"excerpt":{"rendered":"<p>2007 szeptember 1-t\u0151l a Kosztol\u00e1nyi Dezs\u0151 Tehets\u00e9ggondoz\u00f3 Gimn\u00e1zium keretein bel\u00fcl sporttagozat ny\u00edlt magyar nyelven. A bejut\u00e1s felt\u00e9tele a bejegyzett sportklub-tags\u00e1g. A tagozatra jelentkez\u0151 di\u00e1kokat, mik\u00e9nt a nyelvi tagozatokon is, els\u0151sorban a tov\u00e1bbtanul\u00e1sra k\u00e9sz\u00edtj\u00fck fel. Az al\u00e1bbiakban a sporttagozat tant\u00e1rgyai \u00e9s<span class=\"ellipsis\">&hellip;<\/span><\/p>\n<div class=\"read-more\"><a href=\"https:\/\/tg.edu.rs\/hun\/sporttagozat\/\">Tov\u00e1bb \u203a<\/a><\/div>\n<p><!-- end of .read-more --><\/p>\n","protected":false},"author":1,"featured_media":0,"parent":0,"menu_order":0,"comment_status":"closed","ping_status":"closed","template":"","meta":{"_mi_skip_tracking":false},"aioseo_notices":[],"_links":{"self":[{"href":"https:\/\/tg.edu.rs\/hun\/wp-json\/wp\/v2\/pages\/17038"}],"collection":[{"href":"https:\/\/tg.edu.rs\/hun\/wp-json\/wp\/v2\/pages"}],"about":[{"href":"https:\/\/tg.edu.rs\/hun\/wp-json\/wp\/v2\/types\/page"}],"author":[{"embeddable":true,"href":"https:\/\/tg.edu.rs\/hun\/wp-json\/wp\/v2\/users\/1"}],"replies":[{"embeddable":true,"href":"https:\/\/tg.edu.rs\/hun\/wp-json\/wp\/v2\/comments?post=17038"}],"version-history":[{"count":5,"href":"https:\/\/tg.edu.rs\/hun\/wp-json\/wp\/v2\/pages\/17038\/revisions"}],"predecessor-version":[{"id":17425,"href":"https:\/\/tg.edu.rs\/hun\/wp-json\/wp\/v2\/pages\/17038\/revisions\/17425"}],"wp:attachment":[{"href":"https:\/\/tg.edu.rs\/hun\/wp-json\/wp\/v2\/media?parent=17038"}],"curies":[{"name":"wp","href":"https:\/\/api.w.org\/{rel}","templated":true}]}}